{"id":93,"date":"2018-06-29T17:22:12","date_gmt":"2018-06-29T17:22:12","guid":{"rendered":"https:\/\/asnyk.edu.pl\/?page_id=93"},"modified":"2026-03-19T11:02:55","modified_gmt":"2026-03-19T11:02:55","slug":"pedagog","status":"publish","type":"page","link":"https:\/\/asnyk.edu.pl\/?page_id=93","title":{"rendered":"Pedagog"},"content":{"rendered":"\n<p style=\"text-align: center;\"><strong>GODZINY PRACY PEDAGOG\u00d3W<br \/>II Liceum Og\u00f3lnokszta\u0142c\u0105cego<br \/>im. A. Asnyka w Bielsku-Bia\u0142ej w roku szkolnym 2025\/2026<\/strong><\/p>\n\n\n","protected":false},"excerpt":{"rendered":"<p>GODZINY PRACY PEDAGOG\u00d3WII Liceum Og\u00f3lnokszta\u0142c\u0105cegoim. A. Asnyka w Bielsku-Bia\u0142ej w roku szkolnym 2025\/2026<\/p>\n","protected":false},"author":1,"featured_media":0,"parent":0,"menu_order":0,"comment_status":"closed","ping_status":"closed","template":"","meta":{"footnotes":"","_links_to":"","_links_to_target":""},"class_list":["post-93","page","type-page","status-publish","hentry"],"_links":{"self":[{"href":"https:\/\/asnyk.edu.pl\/index.php?rest_route=\/wp\/v2\/pages\/93","targetHints":{"allow":["GET"]}}],"collection":[{"href":"https:\/\/asnyk.edu.pl\/index.php?rest_route=\/wp\/v2\/pages"}],"about":[{"href":"https:\/\/asnyk.edu.pl\/index.php?rest_route=\/wp\/v2\/types\/page"}],"author":[{"embeddable":true,"href":"https:\/\/asnyk.edu.pl\/index.php?rest_route=\/wp\/v2\/users\/1"}],"replies":[{"embeddable":true,"href":"https:\/\/asnyk.edu.pl\/index.php?rest_route=%2Fwp%2Fv2%2Fcomments&post=93"}],"version-history":[{"count":27,"href":"https:\/\/asnyk.edu.pl\/index.php?rest_route=\/wp\/v2\/pages\/93\/revisions"}],"predecessor-version":[{"id":17731,"href":"https:\/\/asnyk.edu.pl\/index.php?rest_route=\/wp\/v2\/pages\/93\/revisions\/17731"}],"wp:attachment":[{"href":"https:\/\/asnyk.edu.pl\/index.php?rest_route=%2Fwp%2Fv2%2Fmedia&parent=93"}],"curies":[{"name":"wp","href":"https:\/\/api.w.org\/{rel}","templated":true}]}}