{"id":736,"date":"2019-02-27T10:35:30","date_gmt":"2019-02-27T10:35:30","guid":{"rendered":"http:\/\/asnyk.edu.pl\/?page_id=736"},"modified":"2019-03-28T09:11:11","modified_gmt":"2019-03-28T09:11:11","slug":"przedsiebiorczosc-w-asnyku-czyli-projekt-erasmus-realizowany-przez-akademie-techniczno-humanistyczna-w-bielsku-bialej","status":"publish","type":"page","link":"https:\/\/asnyk.edu.pl\/?page_id=736","title":{"rendered":"Przedsi\u0119biorczo\u015b\u0107 w Asnyku czyli projekt Erasmus+ realizowany przez Akademi\u0119 Techniczno-Humanistyczn\u0105 w Bielsku-Bia\u0142ej"},"content":{"rendered":"\n<figure class=\"wp-block-image\"><img loading=\"lazy\" decoding=\"async\" width=\"980\" height=\"211\" src=\"http:\/\/asnyk.edu.pl\/wp-content\/uploads\/2019\/02\/erasmus-projekt-1.jpg\" alt=\"\" class=\"wp-image-739\" srcset=\"https:\/\/asnyk.edu.pl\/wp-content\/uploads\/2019\/02\/erasmus-projekt-1.jpg 980w, https:\/\/asnyk.edu.pl\/wp-content\/uploads\/2019\/02\/erasmus-projekt-1-200x43.jpg 200w, https:\/\/asnyk.edu.pl\/wp-content\/uploads\/2019\/02\/erasmus-projekt-1-500x108.jpg 500w, https:\/\/asnyk.edu.pl\/wp-content\/uploads\/2019\/02\/erasmus-projekt-1-768x165.jpg 768w\" sizes=\"auto, (max-width: 980px) 100vw, 980px\" \/><\/figure>\n\n\n\n<figure class=\"wp-block-image\"><img loading=\"lazy\" decoding=\"async\" width=\"1276\" height=\"393\" src=\"http:\/\/asnyk.edu.pl\/wp-content\/uploads\/2019\/02\/znak-napis-prawy-1.jpg\" alt=\"\" class=\"wp-image-743\" srcset=\"https:\/\/asnyk.edu.pl\/wp-content\/uploads\/2019\/02\/znak-napis-prawy-1.jpg 1276w, https:\/\/asnyk.edu.pl\/wp-content\/uploads\/2019\/02\/znak-napis-prawy-1-200x62.jpg 200w, https:\/\/asnyk.edu.pl\/wp-content\/uploads\/2019\/02\/znak-napis-prawy-1-500x154.jpg 500w, https:\/\/asnyk.edu.pl\/wp-content\/uploads\/2019\/02\/znak-napis-prawy-1-768x237.jpg 768w\" sizes=\"auto, (max-width: 1276px) 100vw, 1276px\" \/><\/figure>\n\n\n\n<div class=\"wp-block-file\"><a href=\"http:\/\/asnyk.edu.pl\/wp-content\/uploads\/2019\/03\/Konferencja_podsumowuj\u0105ca-E-1.pdf\">Konferencja_podsumowuj\u0105ca-E+<\/a><a href=\"http:\/\/asnyk.edu.pl\/wp-content\/uploads\/2019\/03\/Konferencja_podsumowuj\u0105ca-E-1.pdf\" class=\"wp-block-file__button\" download>Pobierz<\/a><\/div>\n\n\n\n<div class=\"wp-block-file\"><a href=\"http:\/\/asnyk.edu.pl\/wp-content\/uploads\/2019\/03\/II_LO_ATH_i_przedsi\u0119biorczo\u015b\u0107-E.pdf\">II_LO_ATH_i_przedsi\u0119biorczo\u015b\u0107-E+<\/a><a href=\"http:\/\/asnyk.edu.pl\/wp-content\/uploads\/2019\/03\/II_LO_ATH_i_przedsi\u0119biorczo\u015b\u0107-E.pdf\" class=\"wp-block-file__button\" download>Pobierz<\/a><\/div>\n\n\n\n<p><\/p>\n\n\n\n<p>Warsztaty w naszym Liceum<\/p>\n\n\n\n<ul class=\"wp-block-gallery columns-3 is-cropped wp-block-gallery-1 is-layout-flex wp-block-gallery-is-layout-flex\"><li class=\"blocks-gallery-item\"><figure><img loading=\"lazy\" decoding=\"async\" width=\"1500\" height=\"1125\" src=\"http:\/\/asnyk.edu.pl\/wp-content\/uploads\/2019\/03\/1-1500x1125.jpg\" alt=\"\" data-id=\"751\" data-link=\"http:\/\/asnyk.edu.pl\/?attachment_id=751\" class=\"wp-image-751\" srcset=\"https:\/\/asnyk.edu.pl\/wp-content\/uploads\/2019\/03\/1-1500x1125.jpg 1500w, https:\/\/asnyk.edu.pl\/wp-content\/uploads\/2019\/03\/1-200x150.jpg 200w, https:\/\/asnyk.edu.pl\/wp-content\/uploads\/2019\/03\/1-500x375.jpg 500w, https:\/\/asnyk.edu.pl\/wp-content\/uploads\/2019\/03\/1-768x576.jpg 768w, https:\/\/asnyk.edu.pl\/wp-content\/uploads\/2019\/03\/1-400x300.jpg 400w\" sizes=\"auto, (max-width: 1500px) 100vw, 1500px\" \/><\/figure><\/li><li class=\"blocks-gallery-item\"><figure><img loading=\"lazy\" decoding=\"async\" width=\"1500\" height=\"1125\" src=\"http:\/\/asnyk.edu.pl\/wp-content\/uploads\/2019\/03\/2-1500x1125.jpg\" alt=\"\" data-id=\"752\" data-link=\"http:\/\/asnyk.edu.pl\/?attachment_id=752\" class=\"wp-image-752\" srcset=\"https:\/\/asnyk.edu.pl\/wp-content\/uploads\/2019\/03\/2-1500x1125.jpg 1500w, https:\/\/asnyk.edu.pl\/wp-content\/uploads\/2019\/03\/2-200x150.jpg 200w, https:\/\/asnyk.edu.pl\/wp-content\/uploads\/2019\/03\/2-500x375.jpg 500w, https:\/\/asnyk.edu.pl\/wp-content\/uploads\/2019\/03\/2-768x576.jpg 768w, https:\/\/asnyk.edu.pl\/wp-content\/uploads\/2019\/03\/2-400x300.jpg 400w\" sizes=\"auto, (max-width: 1500px) 100vw, 1500px\" \/><\/figure><\/li><li class=\"blocks-gallery-item\"><figure><img loading=\"lazy\" decoding=\"async\" width=\"1500\" height=\"1125\" src=\"http:\/\/asnyk.edu.pl\/wp-content\/uploads\/2019\/03\/4-1500x1125.jpg\" alt=\"\" data-id=\"753\" data-link=\"http:\/\/asnyk.edu.pl\/?attachment_id=753\" class=\"wp-image-753\" srcset=\"https:\/\/asnyk.edu.pl\/wp-content\/uploads\/2019\/03\/4-1500x1125.jpg 1500w, https:\/\/asnyk.edu.pl\/wp-content\/uploads\/2019\/03\/4-200x150.jpg 200w, https:\/\/asnyk.edu.pl\/wp-content\/uploads\/2019\/03\/4-500x375.jpg 500w, https:\/\/asnyk.edu.pl\/wp-content\/uploads\/2019\/03\/4-768x576.jpg 768w, https:\/\/asnyk.edu.pl\/wp-content\/uploads\/2019\/03\/4-400x300.jpg 400w\" sizes=\"auto, (max-width: 1500px) 100vw, 1500px\" \/><\/figure><\/li><li class=\"blocks-gallery-item\"><figure><img loading=\"lazy\" decoding=\"async\" width=\"3264\" height=\"2448\" src=\"http:\/\/asnyk.edu.pl\/wp-content\/uploads\/2019\/03\/5-1500x1125.jpg\" alt=\"\" data-id=\"754\" data-link=\"http:\/\/asnyk.edu.pl\/?attachment_id=754\" class=\"wp-image-754\" srcset=\"https:\/\/asnyk.edu.pl\/wp-content\/uploads\/2019\/03\/5-1500x1125.jpg 1500w, https:\/\/asnyk.edu.pl\/wp-content\/uploads\/2019\/03\/5-200x150.jpg 200w, https:\/\/asnyk.edu.pl\/wp-content\/uploads\/2019\/03\/5-500x375.jpg 500w, https:\/\/asnyk.edu.pl\/wp-content\/uploads\/2019\/03\/5-768x576.jpg 768w, https:\/\/asnyk.edu.pl\/wp-content\/uploads\/2019\/03\/5-400x300.jpg 400w\" sizes=\"auto, (max-width: 3264px) 100vw, 3264px\" \/><\/figure><\/li><li class=\"blocks-gallery-item\"><figure><img loading=\"lazy\" decoding=\"async\" width=\"1500\" height=\"1125\" src=\"http:\/\/asnyk.edu.pl\/wp-content\/uploads\/2019\/03\/6-1500x1125.jpg\" alt=\"\" data-id=\"755\" data-link=\"http:\/\/asnyk.edu.pl\/?attachment_id=755\" class=\"wp-image-755\" srcset=\"https:\/\/asnyk.edu.pl\/wp-content\/uploads\/2019\/03\/6-1500x1125.jpg 1500w, https:\/\/asnyk.edu.pl\/wp-content\/uploads\/2019\/03\/6-200x150.jpg 200w, https:\/\/asnyk.edu.pl\/wp-content\/uploads\/2019\/03\/6-500x375.jpg 500w, https:\/\/asnyk.edu.pl\/wp-content\/uploads\/2019\/03\/6-768x576.jpg 768w, https:\/\/asnyk.edu.pl\/wp-content\/uploads\/2019\/03\/6-400x300.jpg 400w\" sizes=\"auto, (max-width: 1500px) 100vw, 1500px\" \/><\/figure><\/li><li class=\"blocks-gallery-item\"><figure><img loading=\"lazy\" decoding=\"async\" width=\"1500\" height=\"1125\" src=\"http:\/\/asnyk.edu.pl\/wp-content\/uploads\/2019\/03\/7-1500x1125.jpg\" alt=\"\" data-id=\"756\" data-link=\"http:\/\/asnyk.edu.pl\/?attachment_id=756\" class=\"wp-image-756\" srcset=\"https:\/\/asnyk.edu.pl\/wp-content\/uploads\/2019\/03\/7-1500x1125.jpg 1500w, https:\/\/asnyk.edu.pl\/wp-content\/uploads\/2019\/03\/7-200x150.jpg 200w, https:\/\/asnyk.edu.pl\/wp-content\/uploads\/2019\/03\/7-500x375.jpg 500w, https:\/\/asnyk.edu.pl\/wp-content\/uploads\/2019\/03\/7-768x576.jpg 768w, https:\/\/asnyk.edu.pl\/wp-content\/uploads\/2019\/03\/7-400x300.jpg 400w\" sizes=\"auto, (max-width: 1500px) 100vw, 1500px\" \/><\/figure><\/li><\/ul>\n\n\n\n<p>Rozdanie uczniom &nbsp;certyfikat\u00f3w uczestnictwa w programie ,,<strong>Erasmus,<\/strong><br><\/p>\n\n\n\n<figure class=\"wp-block-image\"><img loading=\"lazy\" decoding=\"async\" width=\"1500\" height=\"1125\" src=\"http:\/\/asnyk.edu.pl\/wp-content\/uploads\/2019\/03\/IMG_1467-1500x1125.jpg\" alt=\"\" class=\"wp-image-760\" srcset=\"https:\/\/asnyk.edu.pl\/wp-content\/uploads\/2019\/03\/IMG_1467-1500x1125.jpg 1500w, https:\/\/asnyk.edu.pl\/wp-content\/uploads\/2019\/03\/IMG_1467-200x150.jpg 200w, https:\/\/asnyk.edu.pl\/wp-content\/uploads\/2019\/03\/IMG_1467-500x375.jpg 500w, https:\/\/asnyk.edu.pl\/wp-content\/uploads\/2019\/03\/IMG_1467-768x576.jpg 768w, https:\/\/asnyk.edu.pl\/wp-content\/uploads\/2019\/03\/IMG_1467-400x300.jpg 400w, https:\/\/asnyk.edu.pl\/wp-content\/uploads\/2019\/03\/IMG_1467.jpg 1632w\" sizes=\"auto, (max-width: 1500px) 100vw, 1500px\" \/><\/figure>\n\n\n\n<figure class=\"wp-block-image\"><img loading=\"lazy\" decoding=\"async\" width=\"1500\" height=\"1125\" src=\"http:\/\/asnyk.edu.pl\/wp-content\/uploads\/2019\/03\/IMG_1470-1500x1125.jpg\" alt=\"\" class=\"wp-image-763\" srcset=\"https:\/\/asnyk.edu.pl\/wp-content\/uploads\/2019\/03\/IMG_1470-1500x1125.jpg 1500w, https:\/\/asnyk.edu.pl\/wp-content\/uploads\/2019\/03\/IMG_1470-200x150.jpg 200w, https:\/\/asnyk.edu.pl\/wp-content\/uploads\/2019\/03\/IMG_1470-500x375.jpg 500w, https:\/\/asnyk.edu.pl\/wp-content\/uploads\/2019\/03\/IMG_1470-768x576.jpg 768w, https:\/\/asnyk.edu.pl\/wp-content\/uploads\/2019\/03\/IMG_1470-400x300.jpg 400w, https:\/\/asnyk.edu.pl\/wp-content\/uploads\/2019\/03\/IMG_1470.jpg 1632w\" sizes=\"auto, (max-width: 1500px) 100vw, 1500px\" \/><\/figure>\n\n\n\n<ul class=\"wp-block-gallery columns-3 is-cropped wp-block-gallery-2 is-layout-flex wp-block-gallery-is-layout-flex\"><li class=\"blocks-gallery-item\"><figure><img loading=\"lazy\" decoding=\"async\" width=\"900\" height=\"1200\" src=\"http:\/\/asnyk.edu.pl\/wp-content\/uploads\/2019\/03\/IMG_1464-1-900x1200.jpg\" alt=\"\" data-id=\"766\" data-link=\"http:\/\/asnyk.edu.pl\/?attachment_id=766\" class=\"wp-image-766\" srcset=\"https:\/\/asnyk.edu.pl\/wp-content\/uploads\/2019\/03\/IMG_1464-1-900x1200.jpg 900w, https:\/\/asnyk.edu.pl\/wp-content\/uploads\/2019\/03\/IMG_1464-1-150x200.jpg 150w, https:\/\/asnyk.edu.pl\/wp-content\/uploads\/2019\/03\/IMG_1464-1-375x500.jpg 375w, https:\/\/asnyk.edu.pl\/wp-content\/uploads\/2019\/03\/IMG_1464-1-768x1024.jpg 768w, https:\/\/asnyk.edu.pl\/wp-content\/uploads\/2019\/03\/IMG_1464-1-225x300.jpg 225w, https:\/\/asnyk.edu.pl\/wp-content\/uploads\/2019\/03\/IMG_1464-1.jpg 1224w\" sizes=\"auto, (max-width: 900px) 100vw, 900px\" \/><\/figure><\/li><li class=\"blocks-gallery-item\"><figure><img loading=\"lazy\" decoding=\"async\" width=\"900\" height=\"1200\" src=\"http:\/\/asnyk.edu.pl\/wp-content\/uploads\/2019\/03\/IMG_1466-1-900x1200.jpg\" alt=\"\" data-id=\"767\" data-link=\"http:\/\/asnyk.edu.pl\/?attachment_id=767\" class=\"wp-image-767\" srcset=\"https:\/\/asnyk.edu.pl\/wp-content\/uploads\/2019\/03\/IMG_1466-1-900x1200.jpg 900w, https:\/\/asnyk.edu.pl\/wp-content\/uploads\/2019\/03\/IMG_1466-1-150x200.jpg 150w, https:\/\/asnyk.edu.pl\/wp-content\/uploads\/2019\/03\/IMG_1466-1-375x500.jpg 375w, https:\/\/asnyk.edu.pl\/wp-content\/uploads\/2019\/03\/IMG_1466-1-768x1024.jpg 768w, https:\/\/asnyk.edu.pl\/wp-content\/uploads\/2019\/03\/IMG_1466-1-225x300.jpg 225w, https:\/\/asnyk.edu.pl\/wp-content\/uploads\/2019\/03\/IMG_1466-1.jpg 1224w\" sizes=\"auto, (max-width: 900px) 100vw, 900px\" \/><\/figure><\/li><li class=\"blocks-gallery-item\"><figure><img loading=\"lazy\" decoding=\"async\" width=\"1500\" height=\"1125\" src=\"http:\/\/asnyk.edu.pl\/wp-content\/uploads\/2019\/03\/IMG_1470-1-1500x1125.jpg\" alt=\"\" data-id=\"768\" data-link=\"http:\/\/asnyk.edu.pl\/?attachment_id=768\" class=\"wp-image-768\" srcset=\"https:\/\/asnyk.edu.pl\/wp-content\/uploads\/2019\/03\/IMG_1470-1-1500x1125.jpg 1500w, https:\/\/asnyk.edu.pl\/wp-content\/uploads\/2019\/03\/IMG_1470-1-200x150.jpg 200w, https:\/\/asnyk.edu.pl\/wp-content\/uploads\/2019\/03\/IMG_1470-1-500x375.jpg 500w, https:\/\/asnyk.edu.pl\/wp-content\/uploads\/2019\/03\/IMG_1470-1-768x576.jpg 768w, https:\/\/asnyk.edu.pl\/wp-content\/uploads\/2019\/03\/IMG_1470-1-400x300.jpg 400w, https:\/\/asnyk.edu.pl\/wp-content\/uploads\/2019\/03\/IMG_1470-1.jpg 1632w\" sizes=\"auto, (max-width: 1500px) 100vw, 1500px\" \/><\/figure><\/li><li class=\"blocks-gallery-item\"><figure><img loading=\"lazy\" decoding=\"async\" width=\"900\" height=\"1200\" src=\"http:\/\/asnyk.edu.pl\/wp-content\/uploads\/2019\/03\/IMG_1459-900x1200.jpg\" alt=\"\" data-id=\"769\" data-link=\"http:\/\/asnyk.edu.pl\/?attachment_id=769\" class=\"wp-image-769\" srcset=\"https:\/\/asnyk.edu.pl\/wp-content\/uploads\/2019\/03\/IMG_1459-900x1200.jpg 900w, https:\/\/asnyk.edu.pl\/wp-content\/uploads\/2019\/03\/IMG_1459-150x200.jpg 150w, https:\/\/asnyk.edu.pl\/wp-content\/uploads\/2019\/03\/IMG_1459-375x500.jpg 375w, https:\/\/asnyk.edu.pl\/wp-content\/uploads\/2019\/03\/IMG_1459-768x1024.jpg 768w, https:\/\/asnyk.edu.pl\/wp-content\/uploads\/2019\/03\/IMG_1459-225x300.jpg 225w, https:\/\/asnyk.edu.pl\/wp-content\/uploads\/2019\/03\/IMG_1459.jpg 1224w\" sizes=\"auto, (max-width: 900px) 100vw, 900px\" \/><\/figure><\/li><li class=\"blocks-gallery-item\"><figure><img loading=\"lazy\" decoding=\"async\" width=\"900\" height=\"1200\" src=\"http:\/\/asnyk.edu.pl\/wp-content\/uploads\/2019\/03\/IMG_1462-1-900x1200.jpg\" alt=\"\" data-id=\"770\" data-link=\"http:\/\/asnyk.edu.pl\/?attachment_id=770\" class=\"wp-image-770\" srcset=\"https:\/\/asnyk.edu.pl\/wp-content\/uploads\/2019\/03\/IMG_1462-1-900x1200.jpg 900w, https:\/\/asnyk.edu.pl\/wp-content\/uploads\/2019\/03\/IMG_1462-1-150x200.jpg 150w, https:\/\/asnyk.edu.pl\/wp-content\/uploads\/2019\/03\/IMG_1462-1-375x500.jpg 375w, https:\/\/asnyk.edu.pl\/wp-content\/uploads\/2019\/03\/IMG_1462-1-768x1024.jpg 768w, https:\/\/asnyk.edu.pl\/wp-content\/uploads\/2019\/03\/IMG_1462-1-225x300.jpg 225w, https:\/\/asnyk.edu.pl\/wp-content\/uploads\/2019\/03\/IMG_1462-1.jpg 1224w\" sizes=\"auto, (max-width: 900px) 100vw, 900px\" \/><\/figure><\/li><\/ul>\n\n\n\n<div class=\"wp-block-file\"><a href=\"http:\/\/asnyk.edu.pl\/wp-content\/uploads\/2019\/03\/wywiad.pdf\">Wywiad z Panem mgr Robertem Michalskim (wersja w j\u0119zyku angielskim)<\/a><a href=\"http:\/\/asnyk.edu.pl\/wp-content\/uploads\/2019\/03\/wywiad.pdf\" class=\"wp-block-file__button\" download>Pobierz<\/a><\/div>\n","protected":false},"excerpt":{"rendered":"<p>Warsztaty w naszym Liceum Rozdanie uczniom &nbsp;certyfikat\u00f3w uczestnictwa w programie ,,Erasmus,<\/p>\n","protected":false},"author":5,"featured_media":0,"parent":0,"menu_order":0,"comment_status":"closed","ping_status":"closed","template":"","meta":{"footnotes":"","_links_to":"","_links_to_target":""},"class_list":["post-736","page","type-page","status-publish","hentry"],"_links":{"self":[{"href":"https:\/\/asnyk.edu.pl\/index.php?rest_route=\/wp\/v2\/pages\/736","targetHints":{"allow":["GET"]}}],"collection":[{"href":"https:\/\/asnyk.edu.pl\/index.php?rest_route=\/wp\/v2\/pages"}],"about":[{"href":"https:\/\/asnyk.edu.pl\/index.php?rest_route=\/wp\/v2\/types\/page"}],"author":[{"embeddable":true,"href":"https:\/\/asnyk.edu.pl\/index.php?rest_route=\/wp\/v2\/users\/5"}],"replies":[{"embeddable":true,"href":"https:\/\/asnyk.edu.pl\/index.php?rest_route=%2Fwp%2Fv2%2Fcomments&post=736"}],"version-history":[{"count":6,"href":"https:\/\/asnyk.edu.pl\/index.php?rest_route=\/wp\/v2\/pages\/736\/revisions"}],"predecessor-version":[{"id":977,"href":"https:\/\/asnyk.edu.pl\/index.php?rest_route=\/wp\/v2\/pages\/736\/revisions\/977"}],"wp:attachment":[{"href":"https:\/\/asnyk.edu.pl\/index.php?rest_route=%2Fwp%2Fv2%2Fmedia&parent=736"}],"curies":[{"name":"wp","href":"https:\/\/api.w.org\/{rel}","templated":true}]}}