{"id":610,"date":"2019-01-13T20:16:04","date_gmt":"2019-01-13T20:16:04","guid":{"rendered":"http:\/\/asnyk.edu.pl\/?page_id=610"},"modified":"2022-04-05T12:05:28","modified_gmt":"2022-04-05T12:05:28","slug":"wycieczki-naukowe","status":"publish","type":"page","link":"https:\/\/asnyk.edu.pl\/?page_id=610","title":{"rendered":"Wycieczki naukowe"},"content":{"rendered":"\n<p>Pokazy chemiczne na UJ-Wydziale Chemii oraz zwiedzanie Muzeum Farmacji &#8211; klasy 2d i 3dP &#8211; 24 marca 2022r.<\/p>\n\n\n\n<figure class=\"wp-block-gallery has-nested-images columns-default is-cropped wp-block-gallery-1 is-layout-flex wp-block-gallery-is-layout-flex\">\n<figure class=\"wp-block-image size-large\"><img loading=\"lazy\" decoding=\"async\" width=\"1500\" height=\"692\" data-id=\"4438\" src=\"https:\/\/asnyk.edu.pl\/wp-content\/uploads\/2022\/04\/1-3-1500x692.jpg\" alt=\"\" class=\"wp-image-4438\" srcset=\"https:\/\/asnyk.edu.pl\/wp-content\/uploads\/2022\/04\/1-3-1500x692.jpg 1500w, https:\/\/asnyk.edu.pl\/wp-content\/uploads\/2022\/04\/1-3-500x231.jpg 500w, https:\/\/asnyk.edu.pl\/wp-content\/uploads\/2022\/04\/1-3-200x92.jpg 200w, https:\/\/asnyk.edu.pl\/wp-content\/uploads\/2022\/04\/1-3-768x354.jpg 768w, https:\/\/asnyk.edu.pl\/wp-content\/uploads\/2022\/04\/1-3-1536x709.jpg 1536w, https:\/\/asnyk.edu.pl\/wp-content\/uploads\/2022\/04\/1-3.jpg 2048w\" sizes=\"auto, (max-width: 1500px) 100vw, 1500px\" \/><\/figure>\n\n\n\n<figure class=\"wp-block-image size-large\"><img loading=\"lazy\" decoding=\"async\" width=\"1125\" height=\"844\" data-id=\"4437\" src=\"https:\/\/asnyk.edu.pl\/wp-content\/uploads\/2022\/04\/2-3.jpg\" alt=\"\" class=\"wp-image-4437\" srcset=\"https:\/\/asnyk.edu.pl\/wp-content\/uploads\/2022\/04\/2-3.jpg 1125w, https:\/\/asnyk.edu.pl\/wp-content\/uploads\/2022\/04\/2-3-500x375.jpg 500w, https:\/\/asnyk.edu.pl\/wp-content\/uploads\/2022\/04\/2-3-200x150.jpg 200w, https:\/\/asnyk.edu.pl\/wp-content\/uploads\/2022\/04\/2-3-768x576.jpg 768w, https:\/\/asnyk.edu.pl\/wp-content\/uploads\/2022\/04\/2-3-400x300.jpg 400w\" sizes=\"auto, (max-width: 1125px) 100vw, 1125px\" \/><\/figure>\n\n\n\n<figure class=\"wp-block-image size-large\"><img loading=\"lazy\" decoding=\"async\" width=\"900\" height=\"1200\" data-id=\"4440\" src=\"https:\/\/asnyk.edu.pl\/wp-content\/uploads\/2022\/04\/3-3-900x1200.jpg\" alt=\"\" class=\"wp-image-4440\" srcset=\"https:\/\/asnyk.edu.pl\/wp-content\/uploads\/2022\/04\/3-3-900x1200.jpg 900w, https:\/\/asnyk.edu.pl\/wp-content\/uploads\/2022\/04\/3-3-375x500.jpg 375w, https:\/\/asnyk.edu.pl\/wp-content\/uploads\/2022\/04\/3-3-150x200.jpg 150w, https:\/\/asnyk.edu.pl\/wp-content\/uploads\/2022\/04\/3-3-768x1024.jpg 768w, https:\/\/asnyk.edu.pl\/wp-content\/uploads\/2022\/04\/3-3-225x300.jpg 225w, https:\/\/asnyk.edu.pl\/wp-content\/uploads\/2022\/04\/3-3.jpg 1125w\" sizes=\"auto, (max-width: 900px) 100vw, 900px\" \/><\/figure>\n\n\n\n<figure class=\"wp-block-image size-large\"><img loading=\"lazy\" decoding=\"async\" width=\"1500\" height=\"692\" data-id=\"4439\" src=\"https:\/\/asnyk.edu.pl\/wp-content\/uploads\/2022\/04\/4-3-1500x692.jpg\" alt=\"\" class=\"wp-image-4439\" srcset=\"https:\/\/asnyk.edu.pl\/wp-content\/uploads\/2022\/04\/4-3-1500x692.jpg 1500w, https:\/\/asnyk.edu.pl\/wp-content\/uploads\/2022\/04\/4-3-500x231.jpg 500w, https:\/\/asnyk.edu.pl\/wp-content\/uploads\/2022\/04\/4-3-200x92.jpg 200w, https:\/\/asnyk.edu.pl\/wp-content\/uploads\/2022\/04\/4-3-768x354.jpg 768w, https:\/\/asnyk.edu.pl\/wp-content\/uploads\/2022\/04\/4-3-1536x709.jpg 1536w, https:\/\/asnyk.edu.pl\/wp-content\/uploads\/2022\/04\/4-3.jpg 2048w\" sizes=\"auto, (max-width: 1500px) 100vw, 1500px\" \/><\/figure>\n\n\n\n<figure class=\"wp-block-image size-large\"><img loading=\"lazy\" decoding=\"async\" width=\"1500\" height=\"692\" data-id=\"4442\" src=\"https:\/\/asnyk.edu.pl\/wp-content\/uploads\/2022\/04\/5-2-1500x692.jpg\" alt=\"\" class=\"wp-image-4442\" srcset=\"https:\/\/asnyk.edu.pl\/wp-content\/uploads\/2022\/04\/5-2-1500x692.jpg 1500w, https:\/\/asnyk.edu.pl\/wp-content\/uploads\/2022\/04\/5-2-500x231.jpg 500w, https:\/\/asnyk.edu.pl\/wp-content\/uploads\/2022\/04\/5-2-200x92.jpg 200w, https:\/\/asnyk.edu.pl\/wp-content\/uploads\/2022\/04\/5-2-768x354.jpg 768w, https:\/\/asnyk.edu.pl\/wp-content\/uploads\/2022\/04\/5-2-1536x709.jpg 1536w, https:\/\/asnyk.edu.pl\/wp-content\/uploads\/2022\/04\/5-2.jpg 2048w\" sizes=\"auto, (max-width: 1500px) 100vw, 1500px\" \/><\/figure>\n\n\n\n<figure class=\"wp-block-image size-large\"><img loading=\"lazy\" decoding=\"async\" width=\"1410\" height=\"1200\" data-id=\"4443\" src=\"https:\/\/asnyk.edu.pl\/wp-content\/uploads\/2022\/04\/6-2-1410x1200.jpg\" alt=\"\" class=\"wp-image-4443\" srcset=\"https:\/\/asnyk.edu.pl\/wp-content\/uploads\/2022\/04\/6-2-1410x1200.jpg 1410w, https:\/\/asnyk.edu.pl\/wp-content\/uploads\/2022\/04\/6-2-500x426.jpg 500w, https:\/\/asnyk.edu.pl\/wp-content\/uploads\/2022\/04\/6-2-200x170.jpg 200w, https:\/\/asnyk.edu.pl\/wp-content\/uploads\/2022\/04\/6-2-768x654.jpg 768w, https:\/\/asnyk.edu.pl\/wp-content\/uploads\/2022\/04\/6-2-1536x1307.jpg 1536w, https:\/\/asnyk.edu.pl\/wp-content\/uploads\/2022\/04\/6-2-352x300.jpg 352w, https:\/\/asnyk.edu.pl\/wp-content\/uploads\/2022\/04\/6-2.jpg 2048w\" sizes=\"auto, (max-width: 1410px) 100vw, 1410px\" \/><\/figure>\n\n\n\n<figure class=\"wp-block-image size-large\"><img loading=\"lazy\" decoding=\"async\" width=\"1125\" height=\"844\" data-id=\"4441\" src=\"https:\/\/asnyk.edu.pl\/wp-content\/uploads\/2022\/04\/8-2.jpg\" alt=\"\" class=\"wp-image-4441\" srcset=\"https:\/\/asnyk.edu.pl\/wp-content\/uploads\/2022\/04\/8-2.jpg 1125w, https:\/\/asnyk.edu.pl\/wp-content\/uploads\/2022\/04\/8-2-500x375.jpg 500w, https:\/\/asnyk.edu.pl\/wp-content\/uploads\/2022\/04\/8-2-200x150.jpg 200w, https:\/\/asnyk.edu.pl\/wp-content\/uploads\/2022\/04\/8-2-768x576.jpg 768w, https:\/\/asnyk.edu.pl\/wp-content\/uploads\/2022\/04\/8-2-400x300.jpg 400w\" sizes=\"auto, (max-width: 1125px) 100vw, 1125px\" \/><\/figure>\n<\/figure>\n\n\n\n<p>10 listopada 2021 r. klasa 3 biol-chem pozdrawia z wycieczki do \u017bywca. Czasem nie trzeba szuka\u0107 daleko, \u017ceby zobaczy\u0107 i dowiedzie\u0107 si\u0119 czego\u015b ciekawego.<\/p>\n\n\n\n<figure class=\"wp-block-gallery has-nested-images columns-default is-cropped wp-block-gallery-2 is-layout-flex wp-block-gallery-is-layout-flex\">\n<figure class=\"wp-block-image size-large\"><img loading=\"lazy\" decoding=\"async\" width=\"1500\" height=\"1125\" data-id=\"4424\" src=\"https:\/\/asnyk.edu.pl\/wp-content\/uploads\/2022\/04\/1-1-1500x1125.jpg\" alt=\"\" class=\"wp-image-4424\" srcset=\"https:\/\/asnyk.edu.pl\/wp-content\/uploads\/2022\/04\/1-1-1500x1125.jpg 1500w, https:\/\/asnyk.edu.pl\/wp-content\/uploads\/2022\/04\/1-1-500x375.jpg 500w, https:\/\/asnyk.edu.pl\/wp-content\/uploads\/2022\/04\/1-1-200x150.jpg 200w, https:\/\/asnyk.edu.pl\/wp-content\/uploads\/2022\/04\/1-1-768x576.jpg 768w, https:\/\/asnyk.edu.pl\/wp-content\/uploads\/2022\/04\/1-1-1536x1152.jpg 1536w, https:\/\/asnyk.edu.pl\/wp-content\/uploads\/2022\/04\/1-1-400x300.jpg 400w, https:\/\/asnyk.edu.pl\/wp-content\/uploads\/2022\/04\/1-1.jpg 2048w\" sizes=\"auto, (max-width: 1500px) 100vw, 1500px\" \/><\/figure>\n\n\n\n<figure class=\"wp-block-image size-large\"><img loading=\"lazy\" decoding=\"async\" width=\"1500\" height=\"1125\" data-id=\"4426\" src=\"https:\/\/asnyk.edu.pl\/wp-content\/uploads\/2022\/04\/2-1-1500x1125.jpg\" alt=\"\" class=\"wp-image-4426\" srcset=\"https:\/\/asnyk.edu.pl\/wp-content\/uploads\/2022\/04\/2-1-1500x1125.jpg 1500w, https:\/\/asnyk.edu.pl\/wp-content\/uploads\/2022\/04\/2-1-500x375.jpg 500w, https:\/\/asnyk.edu.pl\/wp-content\/uploads\/2022\/04\/2-1-200x150.jpg 200w, https:\/\/asnyk.edu.pl\/wp-content\/uploads\/2022\/04\/2-1-768x576.jpg 768w, https:\/\/asnyk.edu.pl\/wp-content\/uploads\/2022\/04\/2-1-1536x1152.jpg 1536w, https:\/\/asnyk.edu.pl\/wp-content\/uploads\/2022\/04\/2-1-400x300.jpg 400w, https:\/\/asnyk.edu.pl\/wp-content\/uploads\/2022\/04\/2-1.jpg 2048w\" sizes=\"auto, (max-width: 1500px) 100vw, 1500px\" \/><\/figure>\n\n\n\n<figure class=\"wp-block-image size-large\"><img loading=\"lazy\" decoding=\"async\" width=\"900\" height=\"1200\" data-id=\"4423\" src=\"https:\/\/asnyk.edu.pl\/wp-content\/uploads\/2022\/04\/3-1-900x1200.jpg\" alt=\"\" class=\"wp-image-4423\" srcset=\"https:\/\/asnyk.edu.pl\/wp-content\/uploads\/2022\/04\/3-1-900x1200.jpg 900w, https:\/\/asnyk.edu.pl\/wp-content\/uploads\/2022\/04\/3-1-375x500.jpg 375w, https:\/\/asnyk.edu.pl\/wp-content\/uploads\/2022\/04\/3-1-150x200.jpg 150w, https:\/\/asnyk.edu.pl\/wp-content\/uploads\/2022\/04\/3-1-768x1024.jpg 768w, https:\/\/asnyk.edu.pl\/wp-content\/uploads\/2022\/04\/3-1-1152x1536.jpg 1152w, https:\/\/asnyk.edu.pl\/wp-content\/uploads\/2022\/04\/3-1-225x300.jpg 225w, https:\/\/asnyk.edu.pl\/wp-content\/uploads\/2022\/04\/3-1.jpg 1536w\" sizes=\"auto, (max-width: 900px) 100vw, 900px\" \/><\/figure>\n\n\n\n<figure class=\"wp-block-image size-large\"><img loading=\"lazy\" decoding=\"async\" width=\"900\" height=\"1200\" data-id=\"4425\" src=\"https:\/\/asnyk.edu.pl\/wp-content\/uploads\/2022\/04\/4-1-900x1200.jpg\" alt=\"\" class=\"wp-image-4425\" srcset=\"https:\/\/asnyk.edu.pl\/wp-content\/uploads\/2022\/04\/4-1-900x1200.jpg 900w, https:\/\/asnyk.edu.pl\/wp-content\/uploads\/2022\/04\/4-1-375x500.jpg 375w, https:\/\/asnyk.edu.pl\/wp-content\/uploads\/2022\/04\/4-1-150x200.jpg 150w, https:\/\/asnyk.edu.pl\/wp-content\/uploads\/2022\/04\/4-1-768x1024.jpg 768w, https:\/\/asnyk.edu.pl\/wp-content\/uploads\/2022\/04\/4-1-1152x1536.jpg 1152w, https:\/\/asnyk.edu.pl\/wp-content\/uploads\/2022\/04\/4-1-225x300.jpg 225w, https:\/\/asnyk.edu.pl\/wp-content\/uploads\/2022\/04\/4-1.jpg 1536w\" sizes=\"auto, (max-width: 900px) 100vw, 900px\" \/><\/figure>\n<\/figure>\n\n\n\n<p>19 pa\u017adziernika 2021 r.\u00a0 klasa 3 cg by\u0142a na wycieczce w Krakowie co prawda pogoda nas nie rozpieszcza\u0142a, ale zwiedzili\u015bmy kopiec Ko\u015bciuszki i tamtejsze muzeum, nast\u0119pnie odwiedzili\u015bmy Wawel, sprawdzili\u015bmy czy dzwon Zygmunta nadal wisi na wie\u017cy katedry. My\u015bl\u0119 ,\u017ce by\u0142o warto.<\/p>\n\n\n\n<figure class=\"wp-block-image size-full\"><img loading=\"lazy\" decoding=\"async\" width=\"561\" height=\"750\" src=\"https:\/\/asnyk.edu.pl\/wp-content\/uploads\/2022\/04\/a.jpg\" alt=\"\" class=\"wp-image-4427\" srcset=\"https:\/\/asnyk.edu.pl\/wp-content\/uploads\/2022\/04\/a.jpg 561w, https:\/\/asnyk.edu.pl\/wp-content\/uploads\/2022\/04\/a-374x500.jpg 374w, https:\/\/asnyk.edu.pl\/wp-content\/uploads\/2022\/04\/a-150x200.jpg 150w, https:\/\/asnyk.edu.pl\/wp-content\/uploads\/2022\/04\/a-224x300.jpg 224w\" sizes=\"auto, (max-width: 561px) 100vw, 561px\" \/><\/figure>\n\n\n<p style=\"text-align: justify;\">27 pa\u017adziernika 2018 r. uczniowie klas biologiczno-chemicznych uczestniczyli<br \/>w wycieczce naukowej z chemii w Krakowie. Warsztaty z formowania i malowania szk\u0142a, odby\u0142y si\u0119 w Hucie Szk\u0142a i Ceramiki. Nasi uczniowie obserwowali proces produkcji szk\u0142a oraz zwiedzili Muzeum Szk\u0142a i Ceramiki. Na Wydziale Chemii UJ uczestniczyli\u00a0 w pokazach kriogenicznych.<\/p>\n\n\t\t<style type=\"text\/css\">\n\t\t\t#gallery-1 {\n\t\t\t\tmargin: auto;\n\t\t\t}\n\t\t\t#gallery-1 .gallery-item {\n\t\t\t\tfloat: left;\n\t\t\t\tmargin-top: 10px;\n\t\t\t\ttext-align: center;\n\t\t\t\twidth: 33%;\n\t\t\t}\n\t\t\t#gallery-1 img {\n\t\t\t\tborder: 2px solid #cfcfcf;\n\t\t\t}\n\t\t\t#gallery-1 .gallery-caption {\n\t\t\t\tmargin-left: 0;\n\t\t\t}\n\t\t\t\/* see gallery_shortcode() in wp-includes\/media.php *\/\n\t\t<\/style>\n\t\t<div id='gallery-1' class='gallery galleryid-610 gallery-columns-3 gallery-size-large'><dl class='gallery-item'>\n\t\t\t<dt class='gallery-icon portrait'>\n\t\t\t\t<a href='https:\/\/asnyk.edu.pl\/?attachment_id=611'><img loading=\"lazy\" decoding=\"async\" width=\"584\" height=\"1038\" src=\"https:\/\/asnyk.edu.pl\/wp-content\/uploads\/2019\/01\/20181127_101229-675x1200.jpg\" class=\"attachment-large size-large\" alt=\"\" srcset=\"https:\/\/asnyk.edu.pl\/wp-content\/uploads\/2019\/01\/20181127_101229-675x1200.jpg 675w, https:\/\/asnyk.edu.pl\/wp-content\/uploads\/2019\/01\/20181127_101229-113x200.jpg 113w, https:\/\/asnyk.edu.pl\/wp-content\/uploads\/2019\/01\/20181127_101229-281x500.jpg 281w, https:\/\/asnyk.edu.pl\/wp-content\/uploads\/2019\/01\/20181127_101229-768x1365.jpg 768w, https:\/\/asnyk.edu.pl\/wp-content\/uploads\/2019\/01\/20181127_101229-169x300.jpg 169w\" sizes=\"auto, (max-width: 584px) 100vw, 584px\" \/><\/a>\n\t\t\t<\/dt><\/dl><dl class='gallery-item'>\n\t\t\t<dt class='gallery-icon portrait'>\n\t\t\t\t<a href='https:\/\/asnyk.edu.pl\/?attachment_id=612'><img loading=\"lazy\" decoding=\"async\" width=\"584\" height=\"1038\" src=\"https:\/\/asnyk.edu.pl\/wp-content\/uploads\/2019\/01\/20181127_102838-675x1200.jpg\" class=\"attachment-large size-large\" alt=\"\" srcset=\"https:\/\/asnyk.edu.pl\/wp-content\/uploads\/2019\/01\/20181127_102838-675x1200.jpg 675w, https:\/\/asnyk.edu.pl\/wp-content\/uploads\/2019\/01\/20181127_102838-113x200.jpg 113w, https:\/\/asnyk.edu.pl\/wp-content\/uploads\/2019\/01\/20181127_102838-281x500.jpg 281w, https:\/\/asnyk.edu.pl\/wp-content\/uploads\/2019\/01\/20181127_102838-768x1365.jpg 768w, https:\/\/asnyk.edu.pl\/wp-content\/uploads\/2019\/01\/20181127_102838-169x300.jpg 169w\" sizes=\"auto, (max-width: 584px) 100vw, 584px\" \/><\/a>\n\t\t\t<\/dt><\/dl><dl class='gallery-item'>\n\t\t\t<dt class='gallery-icon portrait'>\n\t\t\t\t<a href='https:\/\/asnyk.edu.pl\/?attachment_id=613'><img loading=\"lazy\" decoding=\"async\" width=\"584\" height=\"1038\" src=\"https:\/\/asnyk.edu.pl\/wp-content\/uploads\/2019\/01\/20181127_112958-675x1200.jpg\" class=\"attachment-large size-large\" alt=\"\" srcset=\"https:\/\/asnyk.edu.pl\/wp-content\/uploads\/2019\/01\/20181127_112958-675x1200.jpg 675w, https:\/\/asnyk.edu.pl\/wp-content\/uploads\/2019\/01\/20181127_112958-113x200.jpg 113w, https:\/\/asnyk.edu.pl\/wp-content\/uploads\/2019\/01\/20181127_112958-281x500.jpg 281w, https:\/\/asnyk.edu.pl\/wp-content\/uploads\/2019\/01\/20181127_112958-768x1365.jpg 768w, https:\/\/asnyk.edu.pl\/wp-content\/uploads\/2019\/01\/20181127_112958-169x300.jpg 169w\" sizes=\"auto, (max-width: 584px) 100vw, 584px\" \/><\/a>\n\t\t\t<\/dt><\/dl><br style=\"clear: both\" \/><dl class='gallery-item'>\n\t\t\t<dt class='gallery-icon portrait'>\n\t\t\t\t<a href='https:\/\/asnyk.edu.pl\/?attachment_id=614'><img loading=\"lazy\" decoding=\"async\" width=\"584\" height=\"1038\" src=\"https:\/\/asnyk.edu.pl\/wp-content\/uploads\/2019\/01\/20181127_141044-675x1200.jpg\" class=\"attachment-large size-large\" alt=\"\" srcset=\"https:\/\/asnyk.edu.pl\/wp-content\/uploads\/2019\/01\/20181127_141044-675x1200.jpg 675w, https:\/\/asnyk.edu.pl\/wp-content\/uploads\/2019\/01\/20181127_141044-113x200.jpg 113w, https:\/\/asnyk.edu.pl\/wp-content\/uploads\/2019\/01\/20181127_141044-281x500.jpg 281w, https:\/\/asnyk.edu.pl\/wp-content\/uploads\/2019\/01\/20181127_141044-768x1365.jpg 768w, https:\/\/asnyk.edu.pl\/wp-content\/uploads\/2019\/01\/20181127_141044-169x300.jpg 169w\" sizes=\"auto, (max-width: 584px) 100vw, 584px\" \/><\/a>\n\t\t\t<\/dt><\/dl><dl class='gallery-item'>\n\t\t\t<dt class='gallery-icon portrait'>\n\t\t\t\t<a href='https:\/\/asnyk.edu.pl\/?attachment_id=615'><img loading=\"lazy\" decoding=\"async\" width=\"584\" height=\"1038\" src=\"https:\/\/asnyk.edu.pl\/wp-content\/uploads\/2019\/01\/20181127_141125-675x1200.jpg\" class=\"attachment-large size-large\" alt=\"\" srcset=\"https:\/\/asnyk.edu.pl\/wp-content\/uploads\/2019\/01\/20181127_141125-675x1200.jpg 675w, https:\/\/asnyk.edu.pl\/wp-content\/uploads\/2019\/01\/20181127_141125-113x200.jpg 113w, https:\/\/asnyk.edu.pl\/wp-content\/uploads\/2019\/01\/20181127_141125-281x500.jpg 281w, https:\/\/asnyk.edu.pl\/wp-content\/uploads\/2019\/01\/20181127_141125-768x1365.jpg 768w, https:\/\/asnyk.edu.pl\/wp-content\/uploads\/2019\/01\/20181127_141125-169x300.jpg 169w\" sizes=\"auto, (max-width: 584px) 100vw, 584px\" \/><\/a>\n\t\t\t<\/dt><\/dl><dl class='gallery-item'>\n\t\t\t<dt class='gallery-icon portrait'>\n\t\t\t\t<a href='https:\/\/asnyk.edu.pl\/?attachment_id=616'><img loading=\"lazy\" decoding=\"async\" width=\"584\" height=\"1038\" src=\"https:\/\/asnyk.edu.pl\/wp-content\/uploads\/2019\/01\/20181129_090611-675x1200.jpg\" class=\"attachment-large size-large\" alt=\"\" srcset=\"https:\/\/asnyk.edu.pl\/wp-content\/uploads\/2019\/01\/20181129_090611-675x1200.jpg 675w, https:\/\/asnyk.edu.pl\/wp-content\/uploads\/2019\/01\/20181129_090611-113x200.jpg 113w, https:\/\/asnyk.edu.pl\/wp-content\/uploads\/2019\/01\/20181129_090611-281x500.jpg 281w, https:\/\/asnyk.edu.pl\/wp-content\/uploads\/2019\/01\/20181129_090611-768x1365.jpg 768w, https:\/\/asnyk.edu.pl\/wp-content\/uploads\/2019\/01\/20181129_090611-169x300.jpg 169w\" sizes=\"auto, (max-width: 584px) 100vw, 584px\" \/><\/a>\n\t\t\t<\/dt><\/dl><br style=\"clear: both\" \/>\n\t\t<\/div>\n\n<p style=\"text-align: justify;\">Klasa 2d w dniu 4 grudnia by\u0142a na wycieczce naukowej z biologii w Katowicach na Wydziale Biologii U\u015a. Uczniowie poznali prac\u0119 mikroskopu elektronowego |<br \/>i skaningowego, uczestniczyli w zaj\u0119ciach warsztatowych z mikroskopami oraz byli na wyk\u0142adzie naukowym z biologii o zanieczyszczeniach \u015brodowiska i szczycie klimatycznym.<\/p>\n\n\t\t<style type=\"text\/css\">\n\t\t\t#gallery-2 {\n\t\t\t\tmargin: auto;\n\t\t\t}\n\t\t\t#gallery-2 .gallery-item {\n\t\t\t\tfloat: left;\n\t\t\t\tmargin-top: 10px;\n\t\t\t\ttext-align: center;\n\t\t\t\twidth: 33%;\n\t\t\t}\n\t\t\t#gallery-2 img {\n\t\t\t\tborder: 2px solid #cfcfcf;\n\t\t\t}\n\t\t\t#gallery-2 .gallery-caption {\n\t\t\t\tmargin-left: 0;\n\t\t\t}\n\t\t\t\/* see gallery_shortcode() in wp-includes\/media.php *\/\n\t\t<\/style>\n\t\t<div id='gallery-2' class='gallery galleryid-610 gallery-columns-3 gallery-size-large'><dl class='gallery-item'>\n\t\t\t<dt class='gallery-icon portrait'>\n\t\t\t\t<a href='https:\/\/asnyk.edu.pl\/?attachment_id=619'><img loading=\"lazy\" decoding=\"async\" width=\"584\" height=\"1038\" src=\"https:\/\/asnyk.edu.pl\/wp-content\/uploads\/2019\/01\/20181204_112420-675x1200.jpg\" class=\"attachment-large size-large\" alt=\"\" srcset=\"https:\/\/asnyk.edu.pl\/wp-content\/uploads\/2019\/01\/20181204_112420-675x1200.jpg 675w, https:\/\/asnyk.edu.pl\/wp-content\/uploads\/2019\/01\/20181204_112420-113x200.jpg 113w, https:\/\/asnyk.edu.pl\/wp-content\/uploads\/2019\/01\/20181204_112420-281x500.jpg 281w, https:\/\/asnyk.edu.pl\/wp-content\/uploads\/2019\/01\/20181204_112420-768x1365.jpg 768w, https:\/\/asnyk.edu.pl\/wp-content\/uploads\/2019\/01\/20181204_112420-169x300.jpg 169w\" sizes=\"auto, (max-width: 584px) 100vw, 584px\" \/><\/a>\n\t\t\t<\/dt><\/dl><dl class='gallery-item'>\n\t\t\t<dt class='gallery-icon portrait'>\n\t\t\t\t<a href='https:\/\/asnyk.edu.pl\/?attachment_id=618'><img loading=\"lazy\" decoding=\"async\" width=\"584\" height=\"1038\" src=\"https:\/\/asnyk.edu.pl\/wp-content\/uploads\/2019\/01\/20181204_094935-675x1200.jpg\" class=\"attachment-large size-large\" alt=\"\" srcset=\"https:\/\/asnyk.edu.pl\/wp-content\/uploads\/2019\/01\/20181204_094935-675x1200.jpg 675w, https:\/\/asnyk.edu.pl\/wp-content\/uploads\/2019\/01\/20181204_094935-113x200.jpg 113w, https:\/\/asnyk.edu.pl\/wp-content\/uploads\/2019\/01\/20181204_094935-281x500.jpg 281w, https:\/\/asnyk.edu.pl\/wp-content\/uploads\/2019\/01\/20181204_094935-768x1365.jpg 768w, https:\/\/asnyk.edu.pl\/wp-content\/uploads\/2019\/01\/20181204_094935-169x300.jpg 169w\" sizes=\"auto, (max-width: 584px) 100vw, 584px\" \/><\/a>\n\t\t\t<\/dt><\/dl><dl class='gallery-item'>\n\t\t\t<dt class='gallery-icon portrait'>\n\t\t\t\t<a href='https:\/\/asnyk.edu.pl\/?attachment_id=617'><img loading=\"lazy\" decoding=\"async\" width=\"584\" height=\"1038\" src=\"https:\/\/asnyk.edu.pl\/wp-content\/uploads\/2019\/01\/20181204_094917-675x1200.jpg\" class=\"attachment-large size-large\" alt=\"\" srcset=\"https:\/\/asnyk.edu.pl\/wp-content\/uploads\/2019\/01\/20181204_094917-675x1200.jpg 675w, https:\/\/asnyk.edu.pl\/wp-content\/uploads\/2019\/01\/20181204_094917-113x200.jpg 113w, https:\/\/asnyk.edu.pl\/wp-content\/uploads\/2019\/01\/20181204_094917-281x500.jpg 281w, https:\/\/asnyk.edu.pl\/wp-content\/uploads\/2019\/01\/20181204_094917-768x1365.jpg 768w, https:\/\/asnyk.edu.pl\/wp-content\/uploads\/2019\/01\/20181204_094917-169x300.jpg 169w\" sizes=\"auto, (max-width: 584px) 100vw, 584px\" \/><\/a>\n\t\t\t<\/dt><\/dl><br style=\"clear: both\" \/>\n\t\t<\/div>\n\n\n","protected":false},"excerpt":{"rendered":"<p>Pokazy chemiczne na UJ-Wydziale Chemii oraz zwiedzanie Muzeum Farmacji &#8211; klasy 2d i 3dP &#8211; 24 marca 2022r. 10 listopada 2021 r. klasa 3 biol-chem pozdrawia z wycieczki do \u017bywca. Czasem nie trzeba szuka\u0107 daleko, \u017ceby zobaczy\u0107 i dowiedzie\u0107 si\u0119 &hellip; <a href=\"https:\/\/asnyk.edu.pl\/?page_id=610\">Czytaj dalej <span class=\"meta-nav\">&rarr;<\/span><\/a><\/p>\n","protected":false},"author":5,"featured_media":0,"parent":0,"menu_order":0,"comment_status":"closed","ping_status":"closed","template":"","meta":{"footnotes":"","_links_to":"","_links_to_target":""},"class_list":["post-610","page","type-page","status-publish","hentry"],"_links":{"self":[{"href":"https:\/\/asnyk.edu.pl\/index.php?rest_route=\/wp\/v2\/pages\/610","targetHints":{"allow":["GET"]}}],"collection":[{"href":"https:\/\/asnyk.edu.pl\/index.php?rest_route=\/wp\/v2\/pages"}],"about":[{"href":"https:\/\/asnyk.edu.pl\/index.php?rest_route=\/wp\/v2\/types\/page"}],"author":[{"embeddable":true,"href":"https:\/\/asnyk.edu.pl\/index.php?rest_route=\/wp\/v2\/users\/5"}],"replies":[{"embeddable":true,"href":"https:\/\/asnyk.edu.pl\/index.php?rest_route=%2Fwp%2Fv2%2Fcomments&post=610"}],"version-history":[{"count":5,"href":"https:\/\/asnyk.edu.pl\/index.php?rest_route=\/wp\/v2\/pages\/610\/revisions"}],"predecessor-version":[{"id":4444,"href":"https:\/\/asnyk.edu.pl\/index.php?rest_route=\/wp\/v2\/pages\/610\/revisions\/4444"}],"wp:attachment":[{"href":"https:\/\/asnyk.edu.pl\/index.php?rest_route=%2Fwp%2Fv2%2Fmedia&parent=610"}],"curies":[{"name":"wp","href":"https:\/\/api.w.org\/{rel}","templated":true}]}}