{"id":17643,"date":"2026-03-06T12:07:25","date_gmt":"2026-03-06T12:07:25","guid":{"rendered":"https:\/\/asnyk.edu.pl\/?page_id=17643"},"modified":"2026-03-10T09:53:49","modified_gmt":"2026-03-10T09:53:49","slug":"klasa-1d","status":"publish","type":"page","link":"https:\/\/asnyk.edu.pl\/?page_id=17643","title":{"rendered":"Klasa 1D"},"content":{"rendered":"\n<figure class=\"wp-block-image size-full\"><img loading=\"lazy\" decoding=\"async\" width=\"1053\" height=\"114\" src=\"https:\/\/asnyk.edu.pl\/wp-content\/uploads\/2026\/03\/1-8.png\" alt=\"\" class=\"wp-image-17684\" srcset=\"https:\/\/asnyk.edu.pl\/wp-content\/uploads\/2026\/03\/1-8.png 1053w, https:\/\/asnyk.edu.pl\/wp-content\/uploads\/2026\/03\/1-8-505x55.png 505w, https:\/\/asnyk.edu.pl\/wp-content\/uploads\/2026\/03\/1-8-205x22.png 205w, https:\/\/asnyk.edu.pl\/wp-content\/uploads\/2026\/03\/1-8-768x83.png 768w, https:\/\/asnyk.edu.pl\/wp-content\/uploads\/2026\/03\/1-8-500x54.png 500w\" sizes=\"auto, (max-width: 1053px) 100vw, 1053px\" \/><\/figure>\n\n\n\n<p class=\"cvGsUA direction-ltr align-justify para-style-body\"><span class=\"a_GcMg font-feature-liga-off font-feature-clig-off font-feature-calt-off text-decoration-none text-strikethrough-none\">To klasa dla tych, kt\u00f3rzy interesuj\u0105 si\u0119 motywacj\u0105 ludzkiego post\u0119powania, formami pomocy drugiemu cz\u0142owiekowi, tematyk\u0105 spo\u0142eczn\u0105, chc\u0105 nauczy\u0107 si\u0119 kreatywnego my\u015blenia, radzenia sobie z emocjami. Przygotowuje do studi\u00f3w wy\u017cszych o kierunkach psychologicznych, pedagogicznych i socjologicznych. Wsp\u00f3\u0142praca z UBB, wolontariat, warsztaty psychoedukacyjne i nauka podstaw j\u0119zyka migowego &#8211; to jej atuty.<\/span><\/p>\n<p class=\"cvGsUA direction-ltr align-justify para-style-body\"><span class=\"a_GcMg font-feature-liga-off font-feature-clig-off font-feature-calt-off text-decoration-none text-strikethrough-none\" style=\"color: #ff00ff;\">Rozszerzone przedmioty:<\/span><span class=\"a_GcMg font-feature-liga-off font-feature-clig-off font-feature-calt-off text-decoration-none text-strikethrough-none\"> j\u0119zyk polski, biologia i j\u0119zyk angielski<\/span><\/p>\n<p class=\"cvGsUA direction-ltr align-justify para-style-body\"><span class=\"a_GcMg font-feature-liga-off font-feature-clig-off font-feature-calt-off text-decoration-none text-strikethrough-none\">j\u0119zyki<\/span><span class=\"a_GcMg font-feature-liga-off font-feature-clig-off font-feature-calt-off text-decoration-none text-strikethrough-none\"> : i j\u0119zyk angielski,<\/span> <span class=\"a_GcMg font-feature-liga-off font-feature-clig-off font-feature-calt-off text-decoration-none text-strikethrough-none\">II j\u0119zyk (do wyboru) : j\u0119zyk niemiecki lub w\u0142oski<\/span><\/p>\n<p class=\"cvGsUA direction-ltr align-justify para-style-body\"><span style=\"color: #ff00ff;\"><span class=\"a_GcMg font-feature-liga-off font-feature-clig-off font-feature-calt-off text-decoration-none text-strikethrough-none\">\u200b<\/span><span class=\"a_GcMg font-feature-liga-off font-feature-clig-off font-feature-calt-off text-decoration-none text-strikethrough-none\">Przedmioty dodatkowe:<\/span> <\/span><span class=\"a_GcMg font-feature-liga-off font-feature-clig-off font-feature-calt-off text-decoration-none text-strikethrough-none\">elementy j\u0119zyka migowego, literatura i psychoanaliza<\/span><\/p>\n\n\n\n\n","protected":false},"excerpt":{"rendered":"<p>To klasa dla tych, kt\u00f3rzy interesuj\u0105 si\u0119 motywacj\u0105 ludzkiego post\u0119powania, formami pomocy drugiemu cz\u0142owiekowi, tematyk\u0105 spo\u0142eczn\u0105, chc\u0105 nauczy\u0107 si\u0119 kreatywnego my\u015blenia, radzenia sobie z emocjami. Przygotowuje do studi\u00f3w wy\u017cszych o kierunkach psychologicznych, pedagogicznych i socjologicznych. Wsp\u00f3\u0142praca z UBB, wolontariat, warsztaty &hellip; <a href=\"https:\/\/asnyk.edu.pl\/?page_id=17643\">Czytaj dalej <span class=\"meta-nav\">&rarr;<\/span><\/a><\/p>\n","protected":false},"author":5,"featured_media":0,"parent":0,"menu_order":0,"comment_status":"closed","ping_status":"closed","template":"","meta":{"footnotes":"","_links_to":"","_links_to_target":""},"class_list":["post-17643","page","type-page","status-publish","hentry"],"_links":{"self":[{"href":"https:\/\/asnyk.edu.pl\/index.php?rest_route=\/wp\/v2\/pages\/17643","targetHints":{"allow":["GET"]}}],"collection":[{"href":"https:\/\/asnyk.edu.pl\/index.php?rest_route=\/wp\/v2\/pages"}],"about":[{"href":"https:\/\/asnyk.edu.pl\/index.php?rest_route=\/wp\/v2\/types\/page"}],"author":[{"embeddable":true,"href":"https:\/\/asnyk.edu.pl\/index.php?rest_route=\/wp\/v2\/users\/5"}],"replies":[{"embeddable":true,"href":"https:\/\/asnyk.edu.pl\/index.php?rest_route=%2Fwp%2Fv2%2Fcomments&post=17643"}],"version-history":[{"count":2,"href":"https:\/\/asnyk.edu.pl\/index.php?rest_route=\/wp\/v2\/pages\/17643\/revisions"}],"predecessor-version":[{"id":17685,"href":"https:\/\/asnyk.edu.pl\/index.php?rest_route=\/wp\/v2\/pages\/17643\/revisions\/17685"}],"wp:attachment":[{"href":"https:\/\/asnyk.edu.pl\/index.php?rest_route=%2Fwp%2Fv2%2Fmedia&parent=17643"}],"curies":[{"name":"wp","href":"https:\/\/api.w.org\/{rel}","templated":true}]}}