{"id":17010,"date":"2025-10-17T09:50:42","date_gmt":"2025-10-17T09:50:42","guid":{"rendered":"https:\/\/asnyk.edu.pl\/?page_id=17010"},"modified":"2025-10-17T09:50:43","modified_gmt":"2025-10-17T09:50:43","slug":"zajecia-pozalekcyjne","status":"publish","type":"page","link":"https:\/\/asnyk.edu.pl\/?page_id=17010","title":{"rendered":"Zaj\u0119cia pozalekcyjne"},"content":{"rendered":"\n<p><strong>ko\u0142o chemiczne<\/strong> mgr Joanna Majcherczyk<\/p>\n<p>termin: czwartek\u00a0 (raz w miesi\u0105cu) od 15.15 do 16.45 (2 godziny lekcyjne); <br \/>terminy: 2.10.2025r., 30.10.025r., 27.11.2025r., 11.12.2025r., 22.01.2025r., 12.02.2025r. 12.03.2025r., 23.04.2025r.,<\/p>\n<p><strong>zaj\u0119cia z pi\u0142ki koszykowej<\/strong> mgr Mariola Siemi\u0105tkowska<\/p>\n<p>zapisanych 21 uczni\u00f3w (10 dziewcz\u0105t i 11 ch\u0142opc\u00f3w).<\/p>\n<p>sala gimnastyczna termin:<\/p>\n<p>poniedzia\u0142ek od 15:15 do 16:15,<\/p>\n<p>wtorek (dziewcz\u0119ta) od 15:15 do 16:15<\/p>\n<p>\u015broda od 14:30 do 15:30.<\/p>\n<p><strong>Zaj\u0119cia literackie<\/strong> dr Dorota Ta\u0142aj<\/p>\n<p>\u015broda o 8:00<\/p>\n<p><strong>Szkolne ko\u0142o<\/strong> PCK\u00a0 mgr Marzena Wajda Parzyk<\/p>\n<p>1 raz w miesi\u0105cu poniedzia\u0142ek.15.25<\/p>\n<p><strong>K\u00f3\u0142ko Filozoficzne\u00a0<\/strong> dr Wojciech Dutka<\/p>\n<p>Termin: wed\u0142ug potrzeb (co drugi pi\u0105tek miesi\u0105ca). Godz. 14.30-15.15 w ramach konsultacji<\/p>\n<p><strong>Dyskusyjny Klub Filmowy<\/strong> mgr Ewa Potoczny<\/p>\n<p>Czwartki 15 15 raz w miesi\u0105cu- informacje wysy\u0142ane na bie\u017c\u0105co<\/p>\n<p><strong>Przygotowanie\u00a0 do olimpiady<\/strong> z WOSU mgr Janusz Kaps<\/p>\n<p>W poniedzia\u0142ki co tydzie\u0144\u00a0<\/p>\n\n\n","protected":false},"excerpt":{"rendered":"<p>ko\u0142o chemiczne mgr Joanna Majcherczyk termin: czwartek\u00a0 (raz w miesi\u0105cu) od 15.15 do 16.45 (2 godziny lekcyjne); terminy: 2.10.2025r., 30.10.025r., 27.11.2025r., 11.12.2025r., 22.01.2025r., 12.02.2025r. 12.03.2025r., 23.04.2025r., zaj\u0119cia z pi\u0142ki koszykowej mgr Mariola Siemi\u0105tkowska zapisanych 21 uczni\u00f3w (10 dziewcz\u0105t i 11 &hellip; <a href=\"https:\/\/asnyk.edu.pl\/?page_id=17010\">Czytaj dalej <span class=\"meta-nav\">&rarr;<\/span><\/a><\/p>\n","protected":false},"author":5,"featured_media":0,"parent":0,"menu_order":0,"comment_status":"closed","ping_status":"closed","template":"","meta":{"footnotes":"","_links_to":"","_links_to_target":""},"class_list":["post-17010","page","type-page","status-publish","hentry"],"_links":{"self":[{"href":"https:\/\/asnyk.edu.pl\/index.php?rest_route=\/wp\/v2\/pages\/17010","targetHints":{"allow":["GET"]}}],"collection":[{"href":"https:\/\/asnyk.edu.pl\/index.php?rest_route=\/wp\/v2\/pages"}],"about":[{"href":"https:\/\/asnyk.edu.pl\/index.php?rest_route=\/wp\/v2\/types\/page"}],"author":[{"embeddable":true,"href":"https:\/\/asnyk.edu.pl\/index.php?rest_route=\/wp\/v2\/users\/5"}],"replies":[{"embeddable":true,"href":"https:\/\/asnyk.edu.pl\/index.php?rest_route=%2Fwp%2Fv2%2Fcomments&post=17010"}],"version-history":[{"count":1,"href":"https:\/\/asnyk.edu.pl\/index.php?rest_route=\/wp\/v2\/pages\/17010\/revisions"}],"predecessor-version":[{"id":17012,"href":"https:\/\/asnyk.edu.pl\/index.php?rest_route=\/wp\/v2\/pages\/17010\/revisions\/17012"}],"wp:attachment":[{"href":"https:\/\/asnyk.edu.pl\/index.php?rest_route=%2Fwp%2Fv2%2Fmedia&parent=17010"}],"curies":[{"name":"wp","href":"https:\/\/api.w.org\/{rel}","templated":true}]}}