{"id":10622,"date":"2023-06-27T08:17:34","date_gmt":"2023-06-27T08:17:34","guid":{"rendered":"https:\/\/asnyk.edu.pl\/?page_id=10622"},"modified":"2024-06-26T07:35:03","modified_gmt":"2024-06-26T07:35:03","slug":"podreczniki-rok-szkolny-2023-2024","status":"publish","type":"page","link":"https:\/\/asnyk.edu.pl\/?page_id=10622","title":{"rendered":"WYKAZ\u00a0 PODR\u0118CZNIK\u00d3W\u00a0 OBOWI\u0104ZUJ\u0104CYCH\u00a0 W ROKU SZKOLNYM 2024 \/ 2025"},"content":{"rendered":"\n<table style=\"border-collapse: collapse; width: 100%; height: 346px;\">\n<tbody>\n<tr>\n<td style=\"width: 50%;\">klasa pierwsza<\/td>\n<td style=\"width: 50%;\"><a href=\"https:\/\/asnyk.edu.pl\/wp-content\/uploads\/2024\/06\/kl_1.pdf\"><img loading=\"lazy\" decoding=\"async\" class=\"alignleft wp-image-286\" src=\"http:\/\/asnyk.edu.pl\/wp-content\/uploads\/2018\/06\/pdf-e1530366083761.jpg\" alt=\"\" width=\"45\" height=\"45\" \/><\/a><\/td>\n<\/tr>\n<tr>\n<td style=\"width: 50%;\">klasa druga<\/td>\n<td style=\"width: 50%;\"><a href=\"https:\/\/asnyk.edu.pl\/wp-content\/uploads\/2024\/06\/kl_2.pdf\"><img loading=\"lazy\" decoding=\"async\" class=\"alignleft wp-image-286\" src=\"http:\/\/asnyk.edu.pl\/wp-content\/uploads\/2018\/06\/pdf-e1530366083761.jpg\" alt=\"\" width=\"45\" height=\"45\" \/><\/a><\/td>\n<\/tr>\n<tr>\n<td style=\"width: 50%;\">klasa trzecia<\/td>\n<td style=\"width: 50%;\"><a href=\"https:\/\/asnyk.edu.pl\/wp-content\/uploads\/2024\/06\/kl_3.pdf\"><img loading=\"lazy\" decoding=\"async\" class=\"alignleft wp-image-286\" src=\"http:\/\/asnyk.edu.pl\/wp-content\/uploads\/2018\/06\/pdf-e1530366083761.jpg\" alt=\"\" width=\"45\" height=\"45\" \/><\/a><\/td>\n<\/tr>\n<tr>\n<td style=\"width: 50%;\">klasa czwarta<\/td>\n<td style=\"width: 50%;\"><a href=\"https:\/\/asnyk.edu.pl\/wp-content\/uploads\/2024\/06\/kl_4.pdf\"><img loading=\"lazy\" decoding=\"async\" class=\"alignleft wp-image-286\" src=\"http:\/\/asnyk.edu.pl\/wp-content\/uploads\/2018\/06\/pdf-e1530366083761.jpg\" alt=\"\" width=\"45\" height=\"45\" \/><\/a><\/td>\n<\/tr>\n<\/tbody>\n<\/table>\n<p style=\"text-align: center;\">WYKAZ PROGRAM\u00d3W OBOWI\u0104ZUJ\u0104CYCH W LICEUM<\/p>\n<p style=\"text-align: center;\">W ROKU SZKOLNYM 2024\/2025 <a href=\"https:\/\/asnyk.edu.pl\/wp-content\/uploads\/2023\/08\/Programy-nauczania.pdf\">&gt;&gt;pobierz&gt;&gt;<\/a><\/p>\n<p>\u00a0<\/p>\n\n\n","protected":false},"excerpt":{"rendered":"<p>klasa pierwsza klasa druga klasa trzecia klasa czwarta WYKAZ PROGRAM\u00d3W OBOWI\u0104ZUJ\u0104CYCH W LICEUM W ROKU SZKOLNYM 2024\/2025 &gt;&gt;pobierz&gt;&gt; \u00a0<\/p>\n","protected":false},"author":5,"featured_media":0,"parent":0,"menu_order":0,"comment_status":"closed","ping_status":"closed","template":"","meta":{"footnotes":"","_links_to":"","_links_to_target":""},"class_list":["post-10622","page","type-page","status-publish","hentry"],"_links":{"self":[{"href":"https:\/\/asnyk.edu.pl\/index.php?rest_route=\/wp\/v2\/pages\/10622","targetHints":{"allow":["GET"]}}],"collection":[{"href":"https:\/\/asnyk.edu.pl\/index.php?rest_route=\/wp\/v2\/pages"}],"about":[{"href":"https:\/\/asnyk.edu.pl\/index.php?rest_route=\/wp\/v2\/types\/page"}],"author":[{"embeddable":true,"href":"https:\/\/asnyk.edu.pl\/index.php?rest_route=\/wp\/v2\/users\/5"}],"replies":[{"embeddable":true,"href":"https:\/\/asnyk.edu.pl\/index.php?rest_route=%2Fwp%2Fv2%2Fcomments&post=10622"}],"version-history":[{"count":7,"href":"https:\/\/asnyk.edu.pl\/index.php?rest_route=\/wp\/v2\/pages\/10622\/revisions"}],"predecessor-version":[{"id":13799,"href":"https:\/\/asnyk.edu.pl\/index.php?rest_route=\/wp\/v2\/pages\/10622\/revisions\/13799"}],"wp:attachment":[{"href":"https:\/\/asnyk.edu.pl\/index.php?rest_route=%2Fwp%2Fv2%2Fmedia&parent=10622"}],"curies":[{"name":"wp","href":"https:\/\/api.w.org\/{rel}","templated":true}]}}